by 35335?
521
What is the remainder when 4106935 is divided by 4416?
55
Calculate the remainder when 712705 is divided by 118768.
97
Calculate the remainder when 703368 is divided by 2125.
2118
What is the remainder when 39404379 is divided by 2733?
2718
Calculate the remainder when 27440519 is divided by 3048944.
23
Calculate the remainder when 141073292 is divided by 5642931.
17
What is the remainder when 2279749 is divided by 626?
483
Calculate the remainder when 76772 is divided by 38159.
454
Calculate the remainder when 12931358 is divided by 5018.
4990
Calculate the remainder when 32304 is divided by 10560.
624
Calculate the remainder when 55391300 is divided by 125.
50
Calculate the remainder when 235287827 is divided by 1894.
1889
What is the remainder when 590801 is divided by 117539?
3106
What is the remainder when 22093456 is divided by 2761682?
0
What is the remainder when 87486 is divided by 20728?
4574
What is the remainder when 27827516 is divided by 40?
36
Calculate the remainder when 474601 is divided by 1970.
1801
Calculate the remainder when 9541396 is divided by 1626.
28
What is the remainder when 4718744 is divided by 2076?
2072
Calculate the remainder when 196662 is divided by 11531.
635
Calculate the remainder when 28978559 is divided by 585.
584
What is the remainder when 35824228 is divided by 78?
76
Calculate the remainder when 68910590 is divided by 8745.
8735
Calculate the remainder when 284264 is divided by 10141.
316
What is the remainder when 92424228 is divided by 1400367?
6
Calculate the remainder when 82081 is divided by 437.
362
Calculate the remainder when 172734 is divided by 17261.
124
What is the remainder when 77530 is divided by 9690?
10
Calculate the remainder when 13762006 is divided by 156.
154
What is the remainder when 1448249199 is divided by 2274?
2271
Calculate the remainder when 638354 is divided by 638273.
81
What is the remainder when 117677 is divided by 1390?
917
What is the remainder when 10025471 is divided by 515?
481
Calculate the remainder when 389951 is divided by 963.
899
Calculate the remainder when 840307 is divided by 38.
13
Calculate the remainder when 4827957 is divided by 482764.
317
Calculate the remainder when 2771774 is divided by 1385818.
138
Calculate the remainder when 100006 is divided by 7131.
172
Calculate the remainder when 124429 is divided by 30905.
809
Calculate the remainder when 13357431 is divided by 180.
171
Calculate the remainder when 74876 is divided by 37432.
12
What is the remainder when 2172273 is divided by 284?
241
What is the remainder when 45207 is divided by 2288?
1735
What is the remainder when 25580364 is divided by 43?
8
Calculate the remainder when 229972 is divided by 11496.
52
What is the remainder when 3463011 is divided by 2060?
151
What is the remainder when 2770200816 is divided by 1609?
1606
Calculate the remainder when 9790563 is divided by 1631760.
3
What is the remainder when 28468379 is divided by 41?
29
Calculate the remainder when 507909 is divided by 6348.
69
What is the remainder when 43951428 is divided by 10?
8
Calculate the remainder when 92470 is divided by 143.
92
What is the remainder when 2292031 is divided by 304?
175
What is the remainder when 29015 is divided by 2920?
2735
What is the remainder when 46271 is divided by 1769?
277
Calculate the remainder when 25214669 is divided by 1558.
1555
What is the remainder when 7002851 is divided by 4355?
11
Calculate the remainder when 506822 is divided by 565.
17
What is the remainder when 635411 is divided by 26459?
395
Calculate the remainder when 174668 is divided by 1764.
32
What is the remainder when 191149 is divided by 20221?
9160
What is the remainder when 4823278 is divided by 1485?
1483
What is the remainder when 428539 is divided by 432?
427
Calculate the remainder when 1969172 is divided by 984478.
216
What is the remainder when 122388 is divided by 3387?
456
Calculate the remainder when 11378209 is divided by 474092.
1
What is the remainder when 9566576 is divided by 2068?
8
What is the remainder when 972252 is divided by 408?
396
What is the remainder when 132549 is divided by 241?
240
What is the remainder when 68734607 is divided by 95?
17
What is the remainder when 609258 is divided by 399?
384
Calculate the remainder when 4809851 is divided by 424.
419
What is the remainder when 846117 is divided by 423020?
77
What is the remainder when 21287195 is divided by 252?
251
What is the remainder when 49114 is divided by 12221?
230
What is the remainder when 69857 is divided by 582?
17
Calculate the remainder when 358985631 is divided by 32.
31
Calculate the remainder when 205294 is divided by 219.
91
Calculate the remainder when 2400571 is divided by 100.
71
What is the remainder when 368646 is divided by 1330?
236
What is the remainder when 51271 is divided by 1900?
1871
Calculate the remainder when 88494 is divided by 10784.
2222
Calculate the remainder when 67009129 is divided by 50.
29
Calculate the remainder when 356671 is divided by 71236.
491
Calculate the remainder when 110414 is divided by 36360.
1334
Calculate the remainder when 1242585 is divided by 455.
435
What is the remainder when 61530 is divided by 60422?
1108
What is the remainder when 229918 is divided by 45714?
1348
What is the remainder when 7547360 is divided by 4388?
0
Calculate the remainder when 281700 is divided by 23473.
24
What is the remainder when 6475785 is divided by 40728?
33
What is the remainder when 2596454 is divided by 956?
914
What is the remainder when 37071 is divided by 2337?
2016
Calculate the remainder when 9282579 is divided by 2320643.
7
What is the remainder when 31394817 is divided by 221?
220
Calculate the remainder when 731160 is divided by 78.
66
What is the remainder when 362865 is divided by 120892?
189
What is the remainder when 4361891 is divided by 2377?
96
Calculate the remainder when 7019287 is divided by 11.
0
What is the remainder when 79256 is divided by 5974?
1594
Calculate the remainder when 8320987 is divided by 2611.
2341
Calculate the remainder when 7394682 is divided by 593.
565
Calculate the remainder when 1327527 is divided by 452.
3
Calculate the remainder when 6452079 is divided by 121.
117
Calculate the remainder when 15557422 is divided by 87401.
44
Calculate the remainder when 2095956 is divided by 25252.
40
What is the remainder when 956206 is divided by 318437?
895
What is the remainder when 1175574 is divided by 3880?
3814
Calculate the remainder when 67182205 is divided by 296.
269
What is the remainder when 54838187 is divided by 110?
107
Calculate the remainder when 1365940 is divided by 746.
14
What is the remainder when 1290335 is divided by 31471?
24
Calculate the remainder when 1091528 is divided by 20213.
26
Calculate the remainder when 3111578 is divided by 388946.
10
What is the remainder when 53729718 is divided by 9648?
6
What is the remainder when 62118 is divided by 54863?
7255
Calculate the remainder when 1961910 is divided by 32.
22
What is the remainder when 79164 is divided by 1127?
274
Calculate the remainder when 3779754 is divided by 60.
54
What is the remainder when 16307702 is divided by 14?
12
Calculate the remainder when 151781 is divided by 15177.
11
What is the remainder when 17762998 is divided by 60?
58
Calculate the remainder when 5733862 is divided by 36.
34
Calculate the remainder when 16630888 is divided by 2375837.
29
Calculate the remainder when 18459540 is divided by 51.
39
What is the remainder when 761807 is divided by 232?
151
Calculate the remainder when 9402619 is divided by 2378.
7
What is the remainder when 38347027 is divided by 30?
7
What is the remainder when 529153 is divided by 11258?
27
What is the remainder when 78777 is divided by 15744?
57
Calculate the remainder when 1130509 is divided by 49150.
59
Calculate the remainder when 7406 is divided by 224.
14
Calculate the remainder when 1543112 is divided by 2063.
2051
What is the remainder when 8669743 is divided by 327?
319
What is the remainder when 16375 is divided by 13756?
2619
Calculate the remainder when 135511 is divided by 60.
31
What is the remainder when 10486622 is divided by 4364?
4294
Calculate the remainder when 7031033 is di